rime factors of l.
3
Let x be (-79)/7 + (-2)/(-7). Let n(o) = o**3 + 10*o**2 - 14*o - 13. What are the prime factors of n(x)?
2, 5
Suppose -8*r + 20 = -7*r. What are the prime factors of r?
2, 5
Suppose -6*d - 28 + 256 = 0. List the prime factors of d.
2, 19
What are the prime factors of -2 + 0 + 0 - -47?
3, 5
Let r be 3 - (-6 - 0/(-3)). Let g = 15 - r. What are the prime factors of g?
2, 3
Let v be ((-6)/12)/((-2)/(-40)). What are the prime factors of v/15 + (-46)/(-6)?
7
Let w = 96 - 60. Suppose w = 4*o - 4. List the prime factors of o.
2, 5
Let b = -4 + 16. List the prime factors of b.
2, 3
Suppose -p - 4*b + 430 - 100 = 0, 5*p - 1587 = b. What are the prime factors of p?
2, 3, 53
Let j = -22 - -38. List the prime factors of j - 0 - (3 - 2).
3, 5
Suppose -2*g - 2 = 2*i + g, 3*g + 6 = 0. Suppose -3*o - 45 = -3*a, -10 = -4*a + i*a - 3*o. List the prime factors of a.
11
List the prime factors of (5/(-3))/((-1110)/(-1116) - 1).
2, 5, 31
Let x = 24 - -11. List the prime factors of x.
5, 7
Let p(x) = 4*x - 3. Let d(i) = 9*i - 5. Let s(b) = 3*d(b) - 5*p(b). List the prime factors of s(4).
2, 7
Suppose y + 30 = 3*i, 0 = 5*i - 3*y - 22 - 28. List the prime factors of 5/(i/16) + 1.
3
Let a(k) be the second derivative of 9*k**5/10 - k**4/6 + k**3/6 + k**2/2 - 6*k. List the prime factors of a(1).
2, 3
Let s = -75 - -143. List the prime factors of s.
2, 17
Suppose 0*f - 5*f + 50 = 0. Let y = f - 6. Suppose y*n + 23 = 91. List the prime factors of n.
17
Let c(w) = -185*w**3 - 2*w**2 - 2*w - 1. List the prime factors of c(-1).
2, 23
Let b(p) = -3*p - 2. Let a be b(2). Suppose 2*m + 3*m = -30. Let n = m - a. What are the prime factors of n?
2
Let a(q) = q**3 + 12*q**2 + 7*q - 7. Let f be a(-10). Suppose -3*r = 21 - f. What are the prime factors of r?
2, 17
Suppose 2*d - 5*y - 278 = 0, d - y - 146 + 13 = 0. List the prime factors of d.
3, 43
Suppose -5*h - f = -53, 65 = 5*h - 9*f + 4*f. List the prime factors of h - (-2 + 3)*1.
2, 5
Let m = -168 - -519. List the prime factors of m.
3, 13
Let z(r) be the second derivative of 3*r**5/20 - r**4/12 + r. Suppose 3*o - 1 = 2*b, 2 - 8 = -b - 5*o. List the prime factors of z(b).
2
Let u = 2 - 3. List the prime factors of u*11/(-3 + 2).
11
Suppose 0 = v + 4*v + 10. What are the prime factors of -5*(v + 1) - -3?
2
What are the prime factors of (2 - (-25)/(-10))/((-2)/756)?
3, 7
Let f(d) = -d**2 - 6*d - 3. Let x be f(-4). Suppose -5*c + 2*u - 3*u = -x, 20 = 4*u. Suppose 2*q - 16 = -v, -v + 2*q + c + 4 = 0. List the prime factors of v.
2, 5
Let s(u) = u - 2. Let t be s(4). Let a(z) = 4*z - 7*z + t + z**2 - 3. List the prime factors of a(6).
17
Let q = -2 - -27. Let x = q - 12. List the prime factors of x.
13
What are the prime factors of (-2380)/(-22) + 36/(-198)?
2, 3
Let u(z) = 12*z**2 + 5*z + 4. List the prime factors of u(-3).
97
Let g(o) = -o**2 - 5*o - 2. Let i be g(-3). Let y = 14 - i. List the prime factors of y.
2, 5
Let m(h) = h**2 - 2*h - 4. Let n(c) = -c**3 + 3*c**2 + 2*c - 2. Let t be n(3). Let d be m(t). List the prime factors of (-3)/(-6) + 38/d.
2, 5
Suppose 3*p = 2*s - 12, 0*p = -2*p + 5*s - 8. Let v = 6 + p. What are the prime factors of v?
2
Let a = 1 + 2. Suppose 3*f - a = -3*k, -3*f + 11 = 4*k + k. Suppose -2*b - s + 10 = -5*s, -7 = -k*b - 5*s. What are the prime factors of b?
3
List the prime factors of (30/(-15))/(4/(-482)).
241
Suppose 5*q + 3*m - 21 = 0, 2*m - 4 = -0*m. Let r = q + -1. Suppose -24 - 17 = -3*u + s, -4*u + 56 = -r*s. List the prime factors of u.
13
Suppose 12 = h - 6. List the prime factors of h.
2, 3
Let y(w) = -w + 2. Let k be y(8). Let n be ((-12)/9)/(2/k). Suppose 6 = n*q - 14. What are the prime factors of q?
5
Suppose f - 3*r + 5*r = 4, -4*r = f - 12. Let u(m) = -m**3 - 5*m**2 - 4*m + 4. Let n be u(f). Suppose n*a - 19 = 5. What are the prime factors of a?
2, 3
Let q = 46 - 18. Suppose -2*d = -4*a + 24, -2*a - d + q = a. Let g = 1 + a. What are the prime factors of g?
3
Let t(o) = o**3 + o - 37. Let l be t(0). Let x = -24 - l. What are the prime factors of x?
13
Suppose 13*h - 18*h + 640 = 0. What are the prime factors of h?
2
Let h(k) = k - 2 - 8 + 4. Let i be h(5). Let b(c) = -9*c + 1. What are the prime factors of b(i)?
2, 5
Let y(u) = u**2 + u - 4. Let c be y(-4). Let f = -3 + 8. Suppose 35 = 5*l - f*z, -l = -5*z + z + c. What are the prime factors of l?
2, 3
Suppose 2*f - 98 = -0*f. What are the prime factors of f?
7
Let l be (-3)/5 + (-113)/(-5). Suppose -3*r = -5*z - 25, 2*r - z - l = -2*r. Suppose -18 = -r*v + 22. List the prime factors of v.
2
Suppose 3*j - 2*p = 4*j, 0 = 3*j - 4*p + 30. Let k be (j/4)/((-6)/4). Let t = k + 3. What are the prime factors of t?
2
Let i be 1/(-3) + (-65)/(-15). Let m = 8 + i. List the prime factors of m.
2, 3
Suppose 0 = 4*q + 9*q - 1898. List the prime factors of q.
2, 73
Let q = 15 + -15. Suppose -2*x + 14 = -q*x. List the prime factors of x.
7
Suppose 17*z - 1560 = 12*z. What are the prime factors of z?
2, 3, 13
Suppose 185 = 4*w - j, 9*w - 226 = 4*w - 4*j. List the prime factors of w.
2, 23
Let j(c) = -2*c**2 - 4*c - 1. Let f be j(-3). Let r be (-16)/f - (-6)/(-21). Suppose -r*k + 17 = -25. What are the prime factors of k?
3, 7
Let j(h) = 12*h - 2. What are the prime factors of j(3)?
2, 17
Let a(t) = -t**2 + 12*t + 11. Suppose 4*d = 5*q - q + 64, -d = -5*q - 36. List the prime factors of a(d).
2, 11
Let n = 7 + -10. Let b = n - -5. List the prime factors of b.
2
Suppose 6*l - 3*l + 18 = 0. Let g(r) = r**2 + 3*r - 6. Let k be g(l). Suppose 3*s = s + k. What are the prime factors of s?
2, 3
Let p = -105 - -163. What are the prime factors of p?
2, 29
Let c = 9 - 18. Let u(r) = 2*r + 17. Let v be u(-8). Let s = v - c. What are the prime factors of s?
2, 5
Let g be ((-16)/(-10))/(2/(-10)). Suppose -3*f = 0, 2 = -z - f - 2. Let v = z - g. What are the prime factors of v?
2
Let j(q) = -q**2 - 7*q - 2. Let h be j(-6). Let v = h + -1. List the prime factors of v.
3
Let w(x) = 80*x**3 - x**2 - 3*x + 3. List the prime factors of w(1).
79
Suppose 2*h = -4*f - 2, 2*h = -0*f + 3*f - 9. What are the prime factors of (-464)/(-24) - f/3?
19
Let l = 58 + 8. Let h be (-2)/(-5) + l/10. Suppose 3*s + h*f - 4 = 2*f, -4*s = 2*f - 24. List the prime factors of s.
2
Let q be (-2 - 45/(-6))*2. Suppose 2*h = g - q, -g = 5*h - 4*h - 11. What are the prime factors of g?
11
Let g(t) = -t + 1 - 2 - 10*t - 9*t. What are the prime factors of g(-1)?
19
Suppose -z = -2*z. Suppose z = -4*b + 40. What are the prime factors of b?
2, 5
Let r(k) = k**3 + 11*k**2 + 9*k + 5. Let a be (-8)/6*(-30)/(-4). Let y be r(a). Suppose -y = -b + d - 3, -4*b + 54 = -d. List the prime factors of b.
2, 7
Suppose 10 = 5*d, 0*b + 3*d = 5*b - 14. Let t = b + -8. Let g = t - -6. List the prime factors of g.
2
Let i = -18 + 35. What are the prime factors of i?
17
Let n = 3 + -3. Let l = -2 + n. What are the prime factors of 4 - l - 1*-1?
7
Let j(s) = 4 + 10*s - s**2 - s - s - s. Let u be j(7). Suppose -2*t = 0, 9 + 2 = d - u*t. List the prime factors of d.
11
Let b = -23 + 72. What are the prime factors of b?
7
Let y(l) = -l**2 - 10*l - 2. Let g = 5 + -14. List the prime factors of y(g).
7
List the prime factors of (78/(-8))/((-16)/128).
2, 3, 13
Suppose -2*b - 204 = -5*b. What are the prime factors of 1/(-1 + 72/b)?
17
Let v = -134 + 336. What are the prime factors of v?
2, 101
Suppose -15*k - 236 = -17*k. List the prime factors of k.
2, 59
Let p = 13 + -8. What are the prime factors of 2/p - (-315)/25?
13
Let n(l) = l**2 + 3*l + 1. Let q = -16 + 12. List the prime factors of n(q).
5
List the prime factors of 8/32 + (-167)/(-4).
2, 3, 7
Let d = 10 + -6. Let i(j) = -2 - 12*j - 9*j + 22*j + 1. What are the prime factors of i(d)?
3
Suppose 3*k - 2*k + 3*i + 10 = 0, 2*k + i = 0. Suppose -s + k = -1. What are the prime factors of s?
3
Suppose -6*r + 11*r = -15. What are the prime factors of (-6)/r + 21*1?
23
Let k = -3 + 5. Let c(d) = -3*d - k*d + 4*d. List the prime factors of c(-7).
7
Suppose -140 + 56 = -4*t. List the prime factors of t.
3, 7
Let r(h) = -h + 36. Let p be r(0). Let x = p - 3. What are the prime factors of x?
3, 11
Suppose -3*z - n = -314, -316 = -6*z + 3*z + n. Suppose 0*m = 5*m - z. What are the prime factors of m?
3, 7
Let r(q) = -q**3 - 2*q**2 - 7*q - 5. Let l be r(-4)